is -14324344 + 104?
-14324240
In base 9, what is -18778 - -1742?
-17036
In base 7, what is 3035405412 + 6?
3035405421
In base 11, what is 245506a - -8?
2455077
In base 10, what is 8833769 + -8?
8833761
In base 15, what is 20 - 122e86?
-122e66
In base 10, what is 5434 - -2925?
8359
In base 7, what is -1422513 + -21?
-1422534
In base 7, what is -561650 + 534?
-561113
In base 15, what is 109 - -16be5?
16cee
In base 15, what is -1b2e - -198d?
-191
In base 15, what is -a1 + 1a6e9?
1a648
In base 7, what is 5134 + -246615?
-241451
In base 9, what is -1501 - 2334?
-3835
In base 16, what is 23141 + 3af?
234f0
In base 15, what is 6691 - -e00?
7591
In base 12, what is 44 - -52b78?
53000
In base 13, what is -34327 - -1294?
-33063
In base 4, what is -132100 + -321110?
-1113210
In base 3, what is -2022010020212102 + 20?
-2022010020212012
In base 7, what is 1166431422 - 4?
1166431415
In base 4, what is -110203213012 + -12?
-110203213030
In base 15, what is -2 + -387ae3?
-387ae5
In base 10, what is 206944 - -23?
206967
In base 10, what is 440 - 1439?
-999
In base 12, what is 17b63 - 0?
17b63
In base 5, what is 2 - 123102000434?
-123102000432
In base 8, what is 515005 - -175?
515202
In base 11, what is 22 + -39a975?
-39a953
In base 14, what is -213561 - 3?
-213564
In base 16, what is 28e2b24 - -5?
28e2b29
In base 4, what is -1203 + 233232132120?
233232130311
In base 3, what is -11 + -111200110212122?
-111200110212210
In base 11, what is 34a5 + 922?
4317
In base 8, what is -6 - -10105054?
10105046
In base 8, what is 27 - 22002142?
-22002113
In base 14, what is -242b + -c4?
-2511
In base 10, what is 1149921 - -816?
1150737
In base 9, what is -411 - -886834?
886423
In base 3, what is -102212021220 + 2002?
-102212012211
In base 9, what is -151110 - -1860?
-148140
In base 15, what is -47abd8 - 13a?
-47ad23
In base 14, what is 7a0 - -73c95?
74655
In base 13, what is b2 + -7010?
-6c2b
In base 6, what is 4213101 + 12020?
4225121
In base 13, what is -b - 19967?
-19975
In base 13, what is 11615 - -456?
11a6b
In base 15, what is 2c7427b8 + 2?
2c7427ba
In base 12, what is 97176 - 117?
9705b
In base 8, what is 425720 + -536?
425162
In base 8, what is 355356 + 350?
355726
In base 2, what is 11111101001011 + -110100101?
11110110100110
In base 11, what is -2 - 2a84551?
-2a84553
In base 12, what is -2 + 1448b17?
1448b15
In base 16, what is 55 - -184334?
184389
In base 4, what is -3 - -31203001300?
31203001231
In base 8, what is -2 - 251037263?
-251037265
In base 5, what is 24241444 - 201?
24241243
In base 8, what is 30 - 50556305?
-50556255
In base 5, what is -1433031031 + -23?
-1433031104
In base 8, what is -6461 + 13111?
4430
In base 9, what is 410481 - -301?
410782
In base 7, what is 16622444 + 2?
16622446
In base 8, what is -1377 + 340535?
337136
In base 10, what is -4 + -37433819?
-37433823
In base 9, what is -5 - -51024252?
51024246
In base 14, what is 3 - 1237844c?
-12378449
In base 15, what is -9a1c27 - -2?
-9a1c25
In base 7, what is 322 + 613555?
614210
In base 15, what is -3 - -8deba8?
8deba5
In base 10, what is -749 + -87169?
-87918
In base 11, what is 3659332a5 + -5?
3659332a0
In base 12, what is -242 + -12b02?
-13144
In base 7, what is 1106243 + -334?
1105606
In base 11, what is 73a73a3 - -4?
73a73a7
In base 9, what is 4078 - -66205?
71284
In base 15, what is -8 + -4d895b0?
-4d895b8
In base 11, what is 54584 + 11?
54595
In base 14, what is -d + -a22c5?
-a22d4
In base 15, what is -1b4d - 133a?
-2e88
In base 7, what is 25400114 + 16?
25400133
In base 6, what is -500 + 211111?
210211
In base 12, what is 0 + -34b2b9a?
-34b2b9a
In base 6, what is -3 + -130354151?
-130354154
In base 6, what is -543 + 2320140?
2315153
In base 6, what is 32302 + -11415?
20443
In base 16, what is -1b + 1474d34?
1474d19
In base 11, what is 1 - -30a2733?
30a2734
In base 15, what is 5 - -25d931?
25d936
In base 5, what is 341313 + 30241?
422104
In base 6, what is -10110 - -43224?
33114
In base 7, what is 6 + 63625532?
63625541
In base 16, what is ec2033 + -3?
ec2030
In base 7, what is 22033031 + -333?
22032365
In base 13, what is -14995 + -832?
-154c7
In base 2, what is 1011101 + -10100110101111001001?
-10100110101101101100
In base 10, what is 2399 + -16356?
-13957
In base 7, what is 122 + -15141665?
-15141543
In base 14, what is 24 + -55a2d?
-55a09
In base 10, what is -6 - -331475?
331469
In base 14, what is -11ac11 + 31?
-11abc0
In base 10, what is 12544 + 175?
12719
In base 12, what is 5702bb1 + 4?
5702bb5
In base 11, what is -a7a3236 + -65?
-a7a32a0
In base 2, what is -1011100100101110 + 1100001?
-1011100011001101
In base 5, what is 102044123302 + 23?
102044123330
In base 3, what is -11 - -201112012021000211?
201112012021000200
In base 4, what is -2201323 - -21303332?
13102003
In base 13, what is 2 + 16863477?
16863479
In base 11, what is -11762a - 7a?
-1176a9
In base 11, what is 2264 - 10037?
-8883
In base 8, what is -1 + 55751713?
55751712
In base 6, what is -14001151203 - 3?
-14001151210
In base 6, what is 3242 + 22131?
25413
In base 9, what is -21 + 7642082?
7642061
In base 4, what is -22013 - -1222332231?
1222310212
In base 13, what is -b26b1 + -82?
-b2763
In base 6, what is 12415 - 13121?
-302
In base 12, what is 2070bb6 - 1?
2070bb5
In base 7, what is -12021033 + -2451?
-12023514
In base 16, what is -22cc - -1a1?
-212b
In base 12, what is 6876859 - 1?
6876858
In base 13, what is -30b681 - -4?
-30b67a
In base 9, what is 617345115 + -3?
617345112
In base 13, what is 5 + -2085119?
-2085114
In base 9, what is -705 - 74014?
-74720
In base 12, what is 5 + -45ab38?
-45ab33
In base 4, what is -102023 + -122330222?
-123032311
In base 9, what is -6726 - -2277?
-4438
In base 5, what is 30 - -1313110341?
1313110421
In base 13, what is 0 - 5aa272?
-5aa272
In base 8, what is 4 - -7237365?
7237371
In base 15, what is -11e5e + 7e?
-11dd0
In base 8, what is -656 + 122676?
122020
In base 4, what is 30 - -110031311?
110032001
In base 12, what is -327 - -4b69b3?
4b6688
In base 14, what is -3 - b4a1d66?
-b4a1d69
In base 9, what is -3 - 4085167?
-4085171
In base 4, what is -232320003100 - 11?
-232320003111
In base 12, what is -56b24a - -2?
-56b248
In base 6, what is -230543 - 35353?
-310340
In base 12, what is -4a46959 - 2?
-4a4695b
In base 10, what is -4405 + 29571?
25166
In base 9, what is 3075242723 + 0?
3075242723
In base 12, what is 24b3 - 3243?
-950
In base 11, what is -687a08 - -1?
-687a07
In base 12, what is -63b + 5b591?
5ab52
In base 4, what is -31003 - 2213312122?
-2220003131
In base 6, what is -3 - -5404555333?
5404555330
In base 11, what is 62652330 - -5?
62652335
In base 11, what is -380427 - -137?
-3802a0
In base 3, what is 21 + -1022000200001?
-1022000122210
In base 10, what is 392644 - 15?
392629
In base 16, what is -b8d2b7 + -4?
-b8d2bb
In base 8, what is -1314 - 23362?
-24676
In base 7, what is -1 + 13122656?
13122655
In base 4, what is 102 + 2223022312?
2223023020
In base 16, what is 4 - -5e6b365?
5e6b369
In base 13, what is -335 - -173872?
17353a
In base 2, what is 10010111100111110000101101 + 10?
10010111100111110000101111
In base 14, what is -78684b - -29?
-786822
In base 2, what is 101000100100010 + 101000?
101000101001010
In base 2, what is -11010 - -101011011101010000101100?
101011011101010000010010
In base 12, what is 141 + ba091?
ba212
In base 11, what is -1848 - 7845?
-9592
In base 16, what is -c + -ac49?
-ac55
In base 7, what is -11100605 - -400?
-11100205
In base 9, what is 0 - 8500813?
-8500813
In base 10, what is -119579402 - 4?
-119579406
In base 2, what is -10 + 100010011011010000101?
100010011011010000011
In base 5, what is 10213 - -3041124?
3101342
In base 4, what is -23011 - -23121010?
23031333
In base 3, what is -222121000212 - -2000?
-222120221212
In base 3, what is -112021220100 - -12202?
-112021200121
In base 15, what is -91 + 6541?
64a0
In base 2, what is -100011101001010111110100011 + 100?
-100011101001010111110011111
In base 5, what is 1 + -10342412402?
-10342412401
In base 14, what is -c9a3 + 4b35?
-7c6c
In base 13, what is 8a4191 - -185?
8a4346
In base 12, what is 395b3b7 + 3?
395b3ba
In base 9, what is 372 + 101072?
101454
In base 13, what is 0 - b23315?
-b23315
In base 6, what is 4 + 21232432135?
21232432143
In base 15, what is -3 + 4a02b1c?
4a02b19
I